{"id":12,"date":"2019-10-20T22:19:37","date_gmt":"2019-10-20T22:19:37","guid":{"rendered":"http:\/\/blog.thepragmatic.xyz\/?page_id=12"},"modified":"2022-03-12T01:00:54","modified_gmt":"2022-03-12T01:00:54","slug":"home","status":"publish","type":"page","link":"https:\/\/blog.thepragmatic.xyz\/?page_id=12","title":{"rendered":"SecDevOps"},"content":{"rendered":"\n<figure class=\"wp-block-image size-large\"><img loading=\"lazy\" width=\"801\" height=\"438\" src=\"http:\/\/blog.thepragmatic.xyz\/wp-content\/uploads\/2020\/03\/IMG-20200311-WA0020.jpg\" alt=\"\" class=\"wp-image-206\" srcset=\"https:\/\/blog.thepragmatic.xyz\/wp-content\/uploads\/2020\/03\/IMG-20200311-WA0020.jpg 801w, https:\/\/blog.thepragmatic.xyz\/wp-content\/uploads\/2020\/03\/IMG-20200311-WA0020-300x164.jpg 300w, https:\/\/blog.thepragmatic.xyz\/wp-content\/uploads\/2020\/03\/IMG-20200311-WA0020-768x420.jpg 768w\" sizes=\"(max-width: 801px) 100vw, 801px\" \/><\/figure>\n\n\n\n<p><em><strong>\u00abDevSecOps is the future of Security\u00bb<\/strong><\/em><\/p>\n\n\n\n<p class=\"has-text-align-right\"><em><strong>Atlassian<\/strong><\/em><\/p>\n\n\n\n<p>Vivimos en una \u00e9poca donde el software se est\u00e1 comiendo al mundo, es una realidad. La computadoras est\u00e1n presentes en su tel\u00e9fono celular, reloj, aud\u00edfonos, electrodom\u00e9sticos etc. Esta evoluci\u00f3n trae consigo cambios en las pr\u00e1cticas tradicionales como el desarrollo, entrega y seguridad de las plataformas que construimos, siendo primordial optimizar la velocidad y efectividad al utilizar la automatizaci\u00f3n.<\/p>\n\n\n\n<p>\u00bfC\u00f3mo  enviar el software a nuestro cliente de forma r\u00e1pida y segura  entendiendo cuales son las necesidades de nuestros usuarios?<\/p>\n\n\n\n<p>Ac\u00e1 toma protagonismo DevSecOps, como una serie de pr\u00e1cticas culturales, y a su vez herramientas que nos permiten como organizaci\u00f3n llevar software de forma \u00e1gil y segura a los usuarios que lo requieren. Resolviendo much\u00edsimas ineficiencias en el ciclo de desarrollo de software arraigadas en las metodolog\u00edas tradicionales, eliminando conflictos entre aplicaciones asociados a diferencias entre ambientes, entre otras ventajas tales como:<\/p>\n\n\n\n<p>&#8211; Reducir la brecha que existe entre desarrollo y operaciones.<\/p>\n\n\n\n<p>&#8211; Facilitar la interacci\u00f3n, y desplegar la aplicaci\u00f3n a producci\u00f3n.<\/p>\n\n\n\n<p>En resumen, el objetivo principal de <strong>DevSecOps<\/strong> es cambiar el chip de desarrolladores de software y realizar la transici\u00f3n a empresas u organizaciones que puedan enviar c\u00f3digo r\u00e1pidamente a sus usuarios sin errores y sin fallos de seguridad.<\/p>\n\n\n\n<h3>DevSecOps Zen<\/h3>\n\n\n\n<p>Si desarrollas software t\u00fa debes ser el encargado y el responsable de que el programa corra muy bien en producci\u00f3n. No existe el \u201ccorre en mi m\u00e1quina\u201d.<\/p>\n\n\n\n<p>Un\u00a0<strong>desarrollador<\/strong>\u00a0escribe el c\u00f3digo que alimenta a la aplicaci\u00f3n, se encarga de la seguridad y que no existan huecos de seguridad. Tambi\u00e9n empaqueta el c\u00f3digo mediante contenedores para correr en la infraestructura especificada.<\/p>\n\n\n\n<ul class=\"lcp_catlist\" id=\"lcp_instance_0\"><li><a href=\"https:\/\/blog.thepragmatic.xyz\/?p=755\">DevSecOps HandsOn<\/a><\/li><li><a href=\"https:\/\/blog.thepragmatic.xyz\/?p=228\">Jenkins como servidor de integraci\u00f3n<\/a><\/li><\/ul>\n","protected":false},"excerpt":{"rendered":"<p>\u00abDevSecOps is the future of Security\u00bb Atlassian Vivimos en una \u00e9poca donde el software se est\u00e1 comiendo al mundo, es una [&hellip;]<\/p>\n","protected":false},"author":1,"featured_media":0,"parent":0,"menu_order":3,"comment_status":"closed","ping_status":"closed","template":"","meta":[],"_links":{"self":[{"href":"https:\/\/blog.thepragmatic.xyz\/index.php?rest_route=\/wp\/v2\/pages\/12"}],"collection":[{"href":"https:\/\/blog.thepragmatic.xyz\/index.php?rest_route=\/wp\/v2\/pages"}],"about":[{"href":"https:\/\/blog.thepragmatic.xyz\/index.php?rest_route=\/wp\/v2\/types\/page"}],"author":[{"embeddable":true,"href":"https:\/\/blog.thepragmatic.xyz\/index.php?rest_route=\/wp\/v2\/users\/1"}],"replies":[{"embeddable":true,"href":"https:\/\/blog.thepragmatic.xyz\/index.php?rest_route=%2Fwp%2Fv2%2Fcomments&post=12"}],"version-history":[{"count":33,"href":"https:\/\/blog.thepragmatic.xyz\/index.php?rest_route=\/wp\/v2\/pages\/12\/revisions"}],"predecessor-version":[{"id":888,"href":"https:\/\/blog.thepragmatic.xyz\/index.php?rest_route=\/wp\/v2\/pages\/12\/revisions\/888"}],"wp:attachment":[{"href":"https:\/\/blog.thepragmatic.xyz\/index.php?rest_route=%2Fwp%2Fv2%2Fmedia&parent=12"}],"curies":[{"name":"wp","href":"https:\/\/api.w.org\/{rel}","templated":true}]}}